 thousands digit of y(122)?
0
Let l(t) = 251*t**2 + 45*t + 201. What is the hundreds digit of l(-4)?
0
Let x = 21 - 19. Let f(r) = 57*r**3 - 14*r**2 - r + 3. What is the tens digit of f(x)?
0
Let d be (-67374)/90 + (-4)/((-40)/6). Let t = -63 - d. What is the tens digit of t?
8
Suppose -87758 = -3543*s + 3521*s. What is the hundreds digit of s?
9
Suppose 0*o = 11*o - 77. Suppose -d - 2*s = -292, -o*d + 3*d + 1178 = 3*s. What is the units digit of d?
6
Let h = 584 + -399. Let i = -63 + h. What is the hundreds digit of i?
1
Suppose 9*u = 3*i + 14*u - 107168, 3*u = -i + 35716. What is the thousands digit of i?
5
What is the thousands digit of ((-73083)/(-85))/(3/75)?
1
Let f = 1113 + -701. Let b = f + -310. What is the hundreds digit of b?
1
Let x = -67 - -67. Suppose u - 52 = -m - 18, 0 = -u + 4*m + 34. Suppose x*o - u = -2*o - 3*h, -70 = -4*o - 5*h. What is the units digit of o?
0
Suppose z = 24*o - 20*o - 9108, -5*o + 11374 = -4*z. What is the hundreds digit of o?
2
Let v = 174 - 179. Let i(b) = -4*b**3 - 5*b**2 + 12*b + 11. What is the units digit of i(v)?
6
Let f be (4/6)/(-1 + (-8)/(-6)). Let r(q) = 12*q**3 - q**2 - 3*q + 5. Let h be r(f). Suppose h + 9 = 4*i. What is the units digit of i?
5
Let y(r) = -r**2 - 9*r + 3. Let c be y(-9). Let g be (-322)/(-2)*(-1 + c). Suppose 5*u - 38 - g = 0. What is the units digit of u?
2
Let n(x) = -133*x - 51. Let f be n(-7). Suppose -4*g - f = -5*c - 0*c, 4*g + 160 = c. What is the hundreds digit of c?
1
Suppose v = 4*y - 0*y - 768, -5*y - 2*v = -960. Let g = y + -277. Let p = g - -151. What is the tens digit of p?
6
Suppose -78*i - 5*q - 7078 = -79*i, 2*i - 14174 = 4*q. What is the hundreds digit of i?
0
Let b = 1439 + -657. Let f = b - 437. Suppose -f = -4*a + a. What is the hundreds digit of a?
1
Let c = 91630 + -35890. What is the hundreds digit of c?
7
Suppose -66*m = 59*m - 73750. What is the hundreds digit of m?
5
Let x(m) = -4 + 4*m**2 + 4*m + 4 + 2 - 32*m**3 - 40*m**3. Let a be x(-2). Suppose -2*q = -4*p + a, -3*p = -7*p + 3*q + 591. What is the hundreds digit of p?
1
Let k(l) = 2*l + 82. Let f be k(-30). Suppose 0 = f*s - 11412 - 6738. What is the units digit of s?
5
Suppose 844268 = 85*h + 135538. What is the thousands digit of h?
8
Suppose 4*x - l = -796, 2*l - 597 = 3*x + 7*l. Let w = -152 - x. What is the units digit of w?
7
Let x = 133 + -129. Let s be (-2)/(-2) + 8/x - -37. What is the tens digit of ((-2)/4 - (-36)/s)*185?
7
Let q(b) = -b + 2. Let r be q(-2). Suppose -l = -2*a + r*l - 746, 2*a = -3*l - 778. Let s = -193 - a. What is the units digit of s?
0
Let w be 2/(-2)*2/4*-26. Let u(l) = l**3 - 13*l**2 + 3. Let c be u(w). Suppose -2*t + 395 = -c. What is the units digit of t?
9
Let b = -32 - -4120. What is the thousands digit of b?
4
Suppose 22*u - 26*u + 204 = 0. Suppose -5*m + h + 69 = 2*h, 3*m + 3*h = u. What is the tens digit of 1146/m + (-8)/52?
8
Let v(j) = 546*j**3 + 2*j**2 - 2*j. Let k be v(1). What is the tens digit of 24/70*5*k?
3
Suppose -x + 11130 = 4*x. Suppose -5*w + 10 = 0, 4*w - x = -4*t + 458. What is the tens digit of t?
6
Let i(z) = 190*z**2 + 66*z. What is the ten thousands digit of i(12)?
2
Let s(j) be the first derivative of 51*j**2/2 + 130*j + 70. What is the units digit of s(23)?
3
Let t be (6 - (-68)/(-3))/((-3)/(-117)). Let x = 60 - t. What is the tens digit of x?
1
Suppose -13*o = 3*t - 14*o - 38, 0 = -5*t - 3*o + 82. Suppose t*l - 707 = 707. What is the tens digit of l?
0
Let y(r) = 27*r**2. Let g be y(-2). Let t = g + 135. What is the tens digit of t?
4
Let y be (-1434)/3*1*2/(-4). Suppose -y = -17*w + 2736. What is the hundreds digit of w?
1
Let n(s) = -2*s**3 - 2*s**2 - 5*s. Let k be n(-4). Let l = 24 + -22. Suppose 2*y = 4*a - y - 204, l*a = -2*y + k. What is the units digit of a?
4
Suppose 20*q = -q. What is the hundreds digit of (1 + q)*1 + 787?
7
Let y = 532 + -526. Suppose -3*a + y*a = 6, -1183 = -5*m + a. What is the units digit of m?
7
Let z = 38 - 35. Suppose 2*p - z*o - 147 = -0*p, -239 = -4*p - 5*o. Let h = 102 - p. What is the units digit of h?
6
Let x = -4717 + 7970. What is the tens digit of x?
5
Let l = -36 - -43. What is the hundreds digit of l/(105/(-384))*(-5 - 5)?
2
Let t(w) = -w**3 - 37*w**2 + 130*w - 14. Let o(g) = g**3 + 36*g**2 - 130*g + 14. Let b(y) = 4*o(y) + 5*t(y). What is the tens digit of b(-44)?
7
Let i(h) = -1246*h - 130. What is the thousands digit of i(-4)?
4
Let c = -3585 + 7759. What is the hundreds digit of c?
1
Suppose 8*h = 10*h - 56. Let o = -34 + h. Let a = o - -15. What is the units digit of a?
9
Let d(c) be the second derivative of 8*c**3/3 - 3*c**2/2 - 10*c. Let p be d(6). Let o = p - -12. What is the hundreds digit of o?
1
Let q(v) = -89*v - 7. Let z be q(-5). Suppose 0 = -1401*p + 1399*p + 8. What is the tens digit of ((-30)/(-45))/(p/z)?
7
Let v(d) = d**3 - d**2. Let x(a) = a**3 - 4*a**2 + a + 2. Let q(w) = 2*v(w) - x(w). Let k be q(-2). Suppose k*o - 50 = -2*o. What is the tens digit of o?
2
Suppose 64*t - 635004 + 96735 = 201123. What is the tens digit of t?
5
Suppose -457*s - 48962 = -2*m - 452*s, 73417 = 3*m - s. What is the tens digit of m?
7
Let c(w) = -4*w**3 + w**2 + 15*w + 88. What is the thousands digit of c(-20)?
2
Let n(g) = 11*g + 3*g - 58*g**2 - 2 + 63*g**2. Suppose -k + 3*v + 2*v - 15 = 0, k = -5*v + 25. What is the hundreds digit of n(k)?
1
Suppose -h + 8 = r - 3, r + 4*h - 29 = 0. Suppose -5*l - 90 = -2*l. What is the tens digit of (l/r - 6/(-3)) + 173?
6
Suppose -2*u - 4*a = 381 - 9, u + 172 = 5*a. Let o = 354 + u. What is the tens digit of o?
7
Let n(j) = 2*j**2 + 5*j - 1. Let k be 10*4/(-8) + 0. Let v be n(k). Let s = -6 + v. What is the tens digit of s?
1
Let n = 6013 + -2891. Suppose -3*i - 4*v = v - n, 1042 = i + 3*v. What is the units digit of i?
9
Let c(m) = 5*m - 7*m + 4 + 2 + 2*m**3 - 1. Let k be c(0). Suppose x - 149 = k*r, 4*r - 5*r = -4*x + 539. What is the hundreds digit of x?
1
Suppose -3*y - 44 + 269 = 0. Suppose 4*u - 19 = 3*a, -a = u + 4*a + 1. Let q = u + y. What is the tens digit of q?
7
Suppose 0 = 9*z - 8 - 55. Let x be (16/6)/((-10)/(-1515)). Suppose -x = -z*h + 317. What is the hundreds digit of h?
1
Let g(s) = 2*s**2 + 44*s + 70. Let q(t) = t**2 + 23*t + 36. Let d(c) = 6*g(c) - 11*q(c). What is the hundreds digit of d(12)?
3
What is the tens digit of (73 + -6930)/(2/(-4))?
1
Let f be 6*(-906)/12 + 0. Let r = 541 + f. What is the tens digit of r?
8
Let a(d) = d**3 - 3*d**2 - 5*d + 2. Let g be a(4). Let p be g + (-6)/(-10)*5. What is the tens digit of (2300/250)/((-1)/(-25)*p)?
3
Suppose 10*d - 72 = 6*d. Let i = d - 13. Suppose 0 = i*v + 4*z - z - 410, 445 = 5*v - 4*z. What is the tens digit of v?
8
Let o(z) = -7*z**3 + 13*z + 3. Let p(g) = -70*g**2 - g + g**3 - 77*g**2 - 1 + 148*g**2. Let m(s) = o(s) + 6*p(s). What is the units digit of m(5)?
7
Let q(r) = 13*r**3 - 43*r**2 - 12*r + 10. What is the hundreds digit of q(12)?
1
Let u be (-70)/7*108/(-5). Let l = u + -116. What is the hundreds digit of l?
1
Suppose 0 = -13*l - 49*l - 31648 + 252244. What is the hundreds digit of l?
5
Let o(y) = 24 + 3*y + 12 - 2*y. Let q = -9216 + 9220. What is the units digit of o(q)?
0
Let q(j) = -j**2 + 13*j - 5. Let s be q(13). Let r be (-2 - s)*(28 + 3). Let i = r + 29. What is the tens digit of i?
2
Let f(x) be the second derivative of x**4/4 + 8*x**3 + 67*x**2/2 + 9*x + 1. What is the hundreds digit of f(-19)?
2
Let t be (-47)/(-4) + (-4)/(-16). Suppose -v + t = 2*v. What is the tens digit of (v - 4) + (-4)/2 - -64?
6
Suppose 12*o = 14*o + 2*n - 8, -2 = -4*o + 3*n. Suppose -3*k + 7*k - 60 = o*a, 0 = 3*k + 5*a - 19. What is the units digit of k?
3
Let b = 5787 - 3123. What is the units digit of b?
4
Let o(s) = -s**3 + 32*s**2 + 162*s - 298. What is the hundreds digit of o(31)?
6
Let b = 2413 - 2363. What is the tens digit of b?
5
Suppose w = -5*h + 70, 0 = -13*h + 8*h - 5*w + 90. What is the hundreds digit of ((-2)/6)/(h + 47504/(-3654))?
6
Let s(g) = -2*g + 10. Let q be s(4). Suppose q*o - 226 = -3*z, 283 = 4*z + 3*o - 4*o. Let a = -36 + z. What is the units digit of a?
6
Let p(o) = o**3 - 6*o**2 + 2*o + 1. Let w be p(2). Let x(f) be the second derivative of -2*f**3/3 + 25*f**2/2 + 197*f. What is the tens digit of x(w)?
6
Suppose -105*s + 290319 = -34*s. What is the hundreds digi